438 (base 9) to base 14.
-4cd452
11002021101 (base 3) to base 2
10011101000000101
136435 (base 11) to base 15
433c2
What is -3303461 (base 7) in base 12?
-1761b8
What is 5b3b3 (base 13) in base 10?
167625
Convert 148a52 (base 12) to base 15.
6cca2
What is -112621 (base 9) in base 11?
-46850
What is 3a827 (base 15) in base 16?
2dc46
Convert 232303302020 (base 4) to base 14.
18b5ba8
What is 100103432 (base 5) in base 3?
202000210120
What is 2401212 (base 13) in base 9?
22861036
-384257 (base 14) to base 5
-443312440
What is 6426454 (base 7) in base 12?
317621
-a62a2 (base 13) to base 16
-490fe
10111002111 (base 3) to base 15
154cd
11011001001101110111 (base 2) to base 11
558506
-145123244 (base 7) to base 12
-32a4082
Convert 10000100011010110011001 (base 2) to base 5.
2102322342
-9bc66 (base 15) to base 4
-1320332322
fad91 (base 16) to base 10
1027473
What is 3833 (base 9) in base 13?
13c5
What is 3642c (base 13) in base 4?
120103323
What is 20557145 (base 8) in base 10?
4382309
Convert 110011100110101001101 (base 2) to base 10.
1690957
What is -1172052 (base 8) in base 6?
-10543002
Convert 645a82 (base 11) to base 15.
156050
What is 134302430 (base 6) in base 11?
15a5081
-1121313120 (base 5) to base 7
-30320351
Convert -2c4b24 (base 14) to base 10.
-1549804
What is -10113022111 (base 4) in base 5?
-243042240
-4504737 (base 8) to base 12
-4a7113
Convert 304013323 (base 6) to base 16.
4fc413
-3023043 (base 5) to base 10
-48523
What is -11111001100000110100 (base 2) in base 10?
-1022004
What is 15ab7 (base 14) in base 12?
27495
103945 (base 11) to base 8
504446
What is -1331330223 (base 4) in base 11?
-322655
What is -a18c (base 13) in base 9?
-33467
Convert 76c87 (base 14) to base 9.
477760
Convert 350576 (base 9) to base 14.
56986
2024244143 (base 5) to base 14
798950
What is 96898 (base 15) in base 2?
1110100101001111010
What is 141956 (base 12) in base 8?
1216022
Convert 7b00ba (base 12) to base 9.
3632367
-18dee (base 16) to base 12
-4ab52
18e7e0 (base 16) to base 7
16605446
Convert -3156412 (base 7) to base 5.
-44242042
What is -10001100011100011101 (base 2) in base 4?
-2030130131
Convert 1013220402 (base 6) to base 9.
21707072
What is 150414 (base 7) in base 9?
43723
-2819580 (base 10) to base 15
-3aa670
What is -112142515 (base 6) in base 13?
-574766
102456442 (base 7) to base 16
5ccc50
Convert 1262041 (base 7) to base 11.
104009
-517bc (base 15) to base 7
-2123631
34740 (base 8) to base 11
1014a
What is 31203132033 (base 4) in base 7?
42126042
What is 58607 (base 11) in base 5?
10201321
Convert -18122241 (base 9) to base 12.
-3073031
-3553 (base 7) to base 10
-1312
Convert 195775 (base 10) to base 16.
2fcbf
What is 11001334 (base 5) in base 14?
26361
Convert 111010010001001110 (base 2) to base 14.
62d9c
-2101211100 (base 3) to base 9
-71740
What is -1a2629 (base 11) in base 9?
-523402
What is -30d83 (base 15) in base 7?
-1213446
9724 (base 12) to base 7
66235
What is 111102220022021 (base 3) in base 10?
7142965
Convert e00ede (base 15) to base 10.
10634609
What is 1305c2 (base 14) in base 3?
1020020102110
Convert -1111013213 (base 4) to base 5.
-42124042
-3050533 (base 7) to base 11
-22a43a
Convert 41415531 (base 7) to base 13.
94c704
Convert -24123140 (base 6) to base 16.
-b8f44
Convert 1032000011 (base 4) to base 6.
10503045
Convert 71567640 (base 8) to base 4.
321232332200
-b0a18 (base 16) to base 3
-1100202102120
-63070 (base 8) to base 9
-38805
-26377647 (base 8) to base 5
-3002220101
-232125432 (base 6) to base 9
-8078832
What is 2187468 (base 13) in base 3?
201022202011100
What is 48937 (base 10) in base 2?
1011111100101001
What is -14887 (base 10) in base 11?
-10204
-311310020 (base 4) to base 8
-656410
-104404040 (base 5) to base 9
-780378
-128bf2 (base 16) to base 7
-13221441
427471 (base 9) to base 13
8bc99
Convert -110100000100100010010 (base 2) to base 7.
-20334341
What is 521122 (base 7) in base 5?
10323440
5763 (base 16) to base 5
1203441
What is 187942 (base 10) in base 3?
100112210211
What is -2a56e (base 15) in base 8?
-412045
-7135146 (base 8) to base 10
-1882726
What is 207688 (base 9) in base 15?
26a12
10a4945 (base 11) to base 7
22233410
184692 (base 10) to base 7
1366314
Convert -1116311 (base 11) to base 15.
-289694
64661264 (base 7) to base 9
11354375
What is 123210303 (base 5) in base 14?
118cb5
Convert -11774a (base 15) to base 12.
-34345a
What is 102012101 (base 4) in base 12?
36a95
-223333021 (base 4) to base 5
-21231134
64368 (base 10) to base 6
1214000
Convert 2762615 (base 10) to base 16.
2a2777
-258018 (base 9) to base 3
-21222000122
-330355430 (base 6) to base 2
-10110100010110011001010
-320632 (base 7) to base 6
-1105044
-13230130 (base 5) to base 10
-133165
What is 2142613 (base 8) in base 2?
10001100010110001011
Convert -1597238 (base 11) to base 9.
-5102575
What is 132743 (base 9) in base 10?
80796
What is 3201255 (base 6) in base 16?
260c3
-55523235 (base 6) to base 15
-231535
Convert -406739 (base 13) to base 6.
-52050305
66318 (base 12) to base 15
2a10b
What is -288620 (base 9) in base 6?
-3443030
What is -ccb92 (base 14) in base 9?
-835587
-216457 (base 9) to base 2
-11111100110000001
-100011001100101110100 (base 2) to base 11
-718622
-24c25d (base 15) to base 4
-12232033300
422321 (base 12) to base 13
2a590b
143313200 (base 5) to base 11
47a356
Convert -2366477 (base 9) to base 8.
-4714103
What is -288a87 (base 11) in base 6?
-13400451
Convert -10212022200 (base 3) to base 9.
-125280
What is 152451555 (base 6) in base 3?
20001010010222
-122102220122 (base 3) to base 6
-11205155
What is -322220223 (base 5) in base 11?
-854001
What is 1023104221 (base 6) in base 4?
221021113111
What is 188946 (base 13) in base 9?
1143016
-6426164 (base 7) to base 12
-317525
Convert 334603 (base 8) to base 7.
650345
What is -570713 (base 9) in base 10?
-341751
What is a0b28 (base 15) in base 4?
1330031123
What is b3242 (base 12) in base 16?
39092
What is -432255 (base 6) in base 13?
-13232
What is -913180 (base 15) in base 3?
-110222022210210
Convert -10210210111 (base 3) to base 12.
-3744a
-200102200110 (base 3) to base 9
-612613
What is 7da13 (base 16) in base 15?
a2704
7460870 (base 9) to base 11
228a585
30cb2 (base 15) to base 6
3152222
Convert 20414141 (base 5) to base 9.
278071
Convert 361411 (base 7) to base 14.
19b78
What is 1598729 (base 12) in base 7?
52445133
-33534122 (base 8) to base 3
-111122122120011
What is 55b5991 (base 12) in base 4?
332212320331
What is 139a66b (base 12) in base 15?
52b93b
What is -210310201 (base 4) in base 7?
-1165462
What is -b40093 (base 13) in base 6?
-225553523
What is 258845 (base 9) in base 16?
266f0
Convert -10631230 (base 10) to base 2.
-101000100011100000111110
-9455769 (base 10) to base 9
-18711780
What is 10616246 (base 9) in base 10?
5148402
2120001021021 (base 3) to base 11
849092
What is -3268b2 (base 12) in base 6?
-25045542
Convert 36e7c (base 16) to base 8.
667174
3ce0a (base 15) to base 3
100221020001
What is 2be7 (base 16) in base 4?
2233213
Convert -12121201100 (base 3) to base 4.
-123000021
Convert 16378257 (base 9) to base 8.
37221037
What is 3518107 (base 10) in base 4?
31122322123
Convert -ab7a28 (base 14) to base 5.
-2442301040
-120110102121 (base 3) to base 14
-7cc82
What is 10551213 (base 6) in base 7?
2524152
What is 64cd23 (base 14) in base 5?
1333303430
What is -10101010110010101110000 (base 2) in base 13?
-120c472
Convert -69814 (base 10) to base 5.
-4213224
Convert 8407667 (base 9) to base 12.
16083ba
Convert 3058aa (base 13) to base 16.
112fd4
8698660 (base 10) to base 6
510235324
Convert -74390 (base 11) to base 15.
-22133
What is 122002211110211 (base 3) in base 8?
42532307
What is -178460 (base 13) in base 10?
-589550
Convert 1a37a8 (base 13) to base 3.
1020202221210
Convert -3392841 (base 10) to base 9.
-6341083
-457b1 (base 14) to base 15
-350ab
What is -131512514 (base 6) in base 14?
-4bc058
What is -22011101212112 (base 3) in base 13?
-b8b797
-32322332 (base 4) to base 11
-41a12
-626117 (base 8) to base 7
-1524162
1002301121 (base 4) to base 15
56082
12551300 (base 7) to base 8
4320453
Convert 14224252 (base 6) to base 13.
1400a5
Convert -34308 (base 11) to base 10.
-49618
What is -3422300320 (base 5) in base 11?
-4334164
Convert 1524